 -w**3 - 13*w**2 + 15*w + 17. Let f(z) = 3*z**2 + 25*z - 6. Let k be f(-8). Let d be r(k). What is the units digit of (d - 0)*(561/9 - 2)?
1
Suppose 10*g - 558 = 4*g. What is the tens digit of 6324/66 - (-3 - g/(-33))?
9
Suppose 3245*q - 3248*q = -21162. What is the tens digit of q?
5
Let q(y) = -6*y**2 - 21*y - 15. Let u(b) = -b**2 - b + 1. Let k(o) = q(o) - 5*u(o). Let c be k(-14). What is the tens digit of (-834)/(-24) + 2/c?
3
What is the thousands digit of (-1)/((-8)/(-2844)*(-6)/884)?
2
Let i(b) = b**3 - 3*b**2 + 2*b - 4. Let q be i(3). Let h(u) = -30*u**3 + 9*u + 28 - 14*u**q + 8 - 25*u**3 + 54*u**3. What is the tens digit of h(-15)?
2
Suppose 2*c = 56 + 28. Suppose 42 = 2*n - c. What is the units digit of n?
2
Suppose -39*i - 643 = 878. What is the tens digit of (-4016)/(-6)*(-5 - i/6)?
0
Suppose 13*m = 8*m + 25. Let v = m - 10. Let f(n) = 2*n**2 - 3. What is the units digit of f(v)?
7
Let o(i) = i**3 - 5*i**2 - 9*i - 29. Let u be o(9). Suppose -2*k + k = -3*q - u, q = -4*k + 921. What is the units digit of k?
9
Let c(f) = -49*f + 3293. What is the hundreds digit of c(9)?
8
Let i be ((-6)/21)/(116/(-28) - -4). Let c(s) = 61 + 6*s**2 - 4*s**i + 4*s**2 - 45. What is the units digit of c(-5)?
6
Suppose -14*u + 16*u - 2*a = 14916, -37290 = -5*u - 4*a. What is the tens digit of u?
5
Let m = 77852 + -36563. What is the units digit of m?
9
Let b(z) = -38*z**2 + 39*z - 9. Let p(q) = -q + 1. Let i(k) = -b(k) + 3*p(k). What is the units digit of i(6)?
8
Let t be 378/70 + (-4)/10. Suppose t*n = 6*n. Suppose 4*u - 280 = -n*u. What is the tens digit of u?
7
Suppose 2*z - z - 2*f - 3 = 0, 0 = 5*z - 5*f - 20. Suppose -6*g + z*g = -15. What is the tens digit of 6/g - 1008/(-30)?
3
Suppose -2*z + 6*z - 3*q = 30386, 22783 = 3*z + q. What is the tens digit of z?
9
Let b be (-230 - 0)*(9 + -3 - 10). Let g = -546 + b. What is the units digit of g?
4
Let p = -291 - -523. What is the hundreds digit of p?
2
Suppose -18 = 113*u - 116*u. Suppose u*t + c = 3*t + 623, -3*c + 829 = 4*t. What is the units digit of t?
8
What is the tens digit of (3055/52)/((-7)/(-35*20))?
7
Let p be (2 + 0)/(-2)*-46 + 4. Suppose 207*s - 202*s = p. Suppose -s*g + 266 = -124. What is the tens digit of g?
3
Let y(f) = f**3 - 12*f**2 + 21*f + 20. Let w be y(10). Suppose 4*p + 4*i - 3*i + w = 0, -2*i - 11 = p. What is the units digit of 78*p*(-3)/6?
3
Suppose 26 = 3*x + 26. Suppose -2*a + 502 - 82 = x. What is the units digit of a?
0
Let g(t) = t**3 + 22*t**2 - 3*t - 17. Let b be g(-19). Let i = b - -656. What is the units digit of i?
9
Let x = 3317 - 69. What is the units digit of x?
8
Suppose 0 = x - 2. Suppose 2*n - 6*n - 90 = -b, 3*n + 170 = x*b. Let p = b - 36. What is the units digit of p?
6
Suppose 0 = -7*h - 3*h + 5*h. Suppose h*t = 2*t. Suppose -2*w + 151 = -t*a + a, 3*w - 219 = -4*a. What is the units digit of w?
7
Suppose -5*m - 2*c - c = -557, 0 = -m - 2*c + 110. Suppose -514 = -j + m. What is the hundreds digit of j?
6
Let u = 43 + -39. Suppose 0 = 32*h - 31*h - u. Suppose -5*y = h*g + 115 - 278, 5*y - 4*g - 147 = 0. What is the tens digit of y?
3
Let r = -39887 + 56177. What is the thousands digit of r?
6
What is the thousands digit of (6 - -6929) + 6 + 30/6?
6
Suppose -i = -2*a - 215, 4*i - 5*a = 916 - 41. What is the units digit of (-4*3/(-12))/(-1) + i?
4
Suppose -3*r = -167*p + 172*p - 8659, 0 = -2*r + 5*p + 5731. What is the thousands digit of r?
2
Suppose 15 = 5*w + 5*b, -2*w + 5*b = -0*b - 20. Suppose v - 4*f = -w*f + 204, 3*v + f - 614 = 0. Suppose -10*n - v = -15*n. What is the tens digit of n?
4
Let u be 4 + 2*(-198)/(-2) + -5. Let c = 909 - u. What is the hundreds digit of c?
7
Let b(a) = -7019*a - 9329. What is the thousands digit of b(-8)?
6
Suppose -344 = -3*c + 4*p, 35*p - 39*p + 400 = 3*c. What is the hundreds digit of c?
1
Let j = 1657 - 552. Suppose 0 = t + 4*i - 280, i - j = -t - 3*t. What is the units digit of t?
6
Suppose 103439 = 27*a - 190132. What is the ten thousands digit of a?
1
Let r be 1/(-1) + (-3)/1. Let o(w) = 2*w**2 + 15*w - 4. Let d(g) = 21*g - 5. Let i(x) = -2*d(x) + 3*o(x). What is the tens digit of i(r)?
8
Let a(t) = 16*t + 1. Let s be a(-3). Let z = s + 50. What is the tens digit of 1 + (z - 7) + 59?
5
Let h(p) be the first derivative of 17*p**3/3 - 7*p**2/2 - 15*p - 72. What is the tens digit of h(-3)?
5
Suppose 5*z + 4 = y, 0 = -z - 2*y - 0 + 8. Suppose z = -100*u + 103*u - 1272. What is the hundreds digit of u?
4
Let l(w) = 2*w**3 + 9*w**2 + 13*w - 40. Let v be l(9). Suppose -17*b = -9*b - v. What is the units digit of b?
3
Let q(z) = -16*z - 51. Let n(m) = -1. Let r(x) = 5*n(x) + q(x). What is the units digit of r(-20)?
4
Let l = -55 + 97. Let u be (-1)/(-7) + -22*1203/l. What is the tens digit of (u/75)/((-6)/40)?
5
What is the hundreds digit of -16 - 19/((-285)/270945)?
0
Suppose -5*d = -3*d + d - 43392. What is the ten thousands digit of d?
1
Suppose -29*n + 176 = 31. Suppose -n*g + 9*g - 2436 = 0. What is the units digit of g?
9
Suppose 4*p + 5*k - 13 = 40, 5*p + 2*k - 45 = 0. Let r be (3 - -1)*-1 + p. Suppose -260 = -5*g + 4*l, -r*g - l - 107 = -5*g. What is the units digit of g?
6
Let m(z) = z**2 + 10*z - 20. Let v(b) = b**2 + 5*b - 10. Let s be v(-5). Let c be m(s). What is the tens digit of 3/5 + (-1348)/c?
6
Let s be 5/(-40) - 130/(-16). Suppose 0 = -s*g - 17 + 2657. What is the tens digit of g?
3
Let p(a) = -35 - 2*a**2 - a**2 + 2*a**3 + 8 + 2*a. Let f be ((-10)/(-3))/(1/3*(2 - 0)). What is the tens digit of p(f)?
5
Let u be (-1 + (-2)/(12/(-2)))*-9. Suppose 6 = -5*y + v - u, -3*v - 21 = 4*y. What is the tens digit of (-1976)/(-13)*(y/(-2))/3?
7
Let a(m) be the third derivative of -m**6/120 - m**5/6 - 7*m**4/24 + 8*m**3/3 + 10*m**2. Let l be a(-9). What is the tens digit of ((-6)/(48/322))/(l/8)?
6
Suppose 3*d - 203 = 133. Let l = -70 + d. What is the hundreds digit of (l/(-5))/(-3)*50?
1
Let n be -2 + 3 + -3 + 4. Suppose -4*h - 4 = -s, -4*h + n*s - 9 + 1 = 0. Suppose -23*b + 27*b - 312 = h. What is the units digit of b?
8
Suppose 7*s - 50 = 2*s. Suppose -s*j + 372 = -4*j. Let u = j - 59. What is the units digit of u?
3
Suppose -167*q - 4*q = -952983. What is the tens digit of q?
7
Let o(h) = h**3 - 270 + 269 - 9*h + 3*h - 9*h**3 + h**2. Let r be o(3). Let s = r - -416. What is the tens digit of s?
9
Let j(f) = -4*f**3 + f**2 + 5*f - 16. Let l be j(3). Let v = 90 + l. Let n(m) = m**3 + 10*m**2 - 5*m - 2. What is the units digit of n(v)?
8
Let i(r) = -2*r + 16. Let z be i(5). Suppose -z*a + 12*a - 84 = 0. What is the hundreds digit of (161/a)/((-3)/(-42))?
1
Suppose 2*c + 1188 - 8977 = 4829. What is the thousands digit of c?
6
Let k = 29957 - 17242. What is the ten thousands digit of k?
1
Let i(h) = -2*h**2 + 21*h. Let s be i(14). Let j = s - -175. Suppose 2*z = 85 + j. What is the units digit of z?
1
Let h = -21 + 29. Suppose -h*k - 2*k = 200. Let y = k - -32. What is the units digit of y?
2
Suppose 4*i = 5*g - 2585 - 249, 5*i + 30 = 0. What is the units digit of g?
2
Suppose -3*f + 2*f = -2*j - 5132, j = 5*f - 25642. What is the hundreds digit of f?
1
What is the thousands digit of 10/(-8) + 1083/684 - 140801/(-3)?
6
Suppose -5*y - 16 = v, -3*y = 5*v - 10 + 2. Suppose d + 3*w - 287 = 694, -v*w + 1952 = 2*d. What is the tens digit of d?
6
Let u(n) = -n**3 + 9*n**2 - 14*n + 19. Let b be u(8). Let g = b - -159. What is the units digit of g?
0
Suppose 20*u + 168*u - 9266520 = -94*u. What is the ten thousands digit of u?
3
Suppose 3*k + 13 = -5. Let t be 9/k*8/(-6). What is the tens digit of 64 + 2 + t + 0?
6
Let i = -159 - -342. Let q = i - 85. What is the units digit of q?
8
Let h = 732 + -411. Suppose -h*r = -325*r + 1236. What is the units digit of r?
9
Suppose -20*d = -15*d - 70064 - 82126. What is the tens digit of d?
3
Suppose 4*r = -2*h - 96, -2*r = 2*h - 0*h + 100. Let g = -22 - h. Suppose k - g = 28. What is the tens digit of k?
5
Let q = 223 + -223. Suppose q = -3*w + 142 - 25. What is the tens digit of w?
3
Let f(d) = d**2 + 2*d + 15. Let t be f(0). Suppose -2894 = -t*s - 644. What is the units digit of s?
0
Let u = 188 + -187. What is the tens digit of -1*u/2*-734?
6
Let v(p) be the third derivative of 11*p**6/120 + 13*p**5/60 - 13*p**4/24 + 11*p**3/6 - 126*p**2. What is the thousands digit of v(5)?
1
Let o =